 p(t) be the first derivative of -t**2 + 9*t + 3. What is p(l)?
-5
Let u(j) = j**2 - 3*j - 3. Let x be 4/(4*(-3)/(-9)). Suppose -5*b + 2 = -x. Let p = 3 + b. Calculate u(p).
1
Let o(p) = -1 - 5 + 3*p - 9*p + 4. Let h be o(-1). Let q(s) = -s**2 + 4*s - 3. Give q(h).
-3
Let m(p) = 4*p**2 - 6*p + 85. Let n(g) = 2*g**2 - 4*g + 45. Let q(k) = -6*m(k) + 11*n(k). Calculate q(-3).
-9
Let s(a) = a**2 + a - 3. Let v(k) = -3*k**2 - k + 7. Let w = -2 + -3. Let n(y) = w*s(y) - 2*v(y). Give n(5).
11
Let x(j) = -j**2 + 5*j + 1. Let l(p) = 2*p**2 - 11*p - 3. Let c(r) = 3*l(r) + 7*x(r). Suppose -4*d + 0*d = -72. Let i = d + -15. Give c(i).
-5
Let q(o) = 0*o**2 - 2*o + 1 + 0*o**2 - 5*o**2. Let i(k) = 4*k + 48. Let r be i(-11). Suppose 0*b - 2*b = 5*w - 17, -b + r = w. Calculate q(b).
-6
Let g(j) = 2*j**2 + 45*j - 28. Let w be g(-23). Let f(s) = s**2 + 4*s - 5. Let z be f(w). Let m(i) = i + 7 + 0 - 3. Give m(z).
4
Suppose -v + 6 = 2*k - 2, -v + 24 = -2*k. Suppose 0 = 3*i + i - v. Let f(d) = 0*d**2 + 19*d - 3 - 9*d - 4*d - 8*d + d**2. Determine f(i).
5
Let z(m) = 13*m**3 - 4*m**2 - 11*m + 10. Let i(r) = 11*r**3 - 4*r**2 - 9*r + 9. Let c(u) = -7*i(u) + 6*z(u). Give c(-4).
9
Let a(k) be the third derivative of k**8/2520 - k**6/720 + k**5/20 + 2*k**2. Let p(l) be the third derivative of a(l). What is p(-1)?
7
Let j(r) be the second derivative of r**5/4 + r**4/12 + 2*r**2 + 6*r - 4. Let k(s) = 4*s**3 - s + 4. Let w(m) = -3*j(m) + 4*k(m). What is w(3)?
-8
Suppose -n + 15 = 4*n. Suppose 4*r = -9 - n. Let q(l) = l - 3. Determine q(r).
-6
Let r(p) be the first derivative of p**2/2 - 2*p + 1. Let d be r(4). Let g(b) = b**d + 3 + b**2 - 4 - 3*b**3. Determine g(1).
-2
Suppose 3*c - 6 = -i + 4*c, 0 = i + 5*c. Let q(d) = -2*d + 0*d + 7 + 0*d. Give q(i).
-3
Suppose -15 + 7 = -4*g. Suppose q + 9 = 3*i, -q - 13 = -2*i + g*q. Let n(l) = -i + 0 + 1 + 2*l. What is n(-3)?
-7
Let r(k) = 3*k + 8. Let c(z) = 3*z + 9. Let j(u) = u**2 + 12*u + 14. Let q be j(-10). Let x(y) = q*r(y) + 5*c(y). Determine x(-3).
6
Suppose -k - 2*k + 237 = 0. Suppose -4*r + 0*h + k = 5*h, 2*h = r - 10. Let f = 14 - r. Let a(u) = 2*u**3 + 4*u**2 + 2*u. Determine a(f).
-4
Let m(f) be the first derivative of -1/3*f**3 - 12*f + 17 + 9/2*f**2. Calculate m(8).
-4
Suppose 0 = a + 2*c + 1, -2*a - 2*c + 11 = 3*a. Let s(k) be the second derivative of -1/6*k**a - 2*k + 0 + 3*k**2. Give s(-5).
11
Let t(b) be the third derivative of -b**4/12 - 2*b**3 - 179*b**2. What is t(-7)?
2
Let h(o) = o + 14. Let w be h(-18). Let b(n) = -n**2 - 5*n - 6. Calculate b(w).
-2
Let a(k) = -7*k**3 - k. Let r be (16/(-2))/4 + 4. Suppose -2*d - 4 = 2*g + 2, r*g = d + 6. Calculate a(g).
-8
Let k(c) = -c**2 - 5*c - 1. Suppose -2*w + 30 = w. Let h be 2 - 8/(-6)*21/14. Let p = h - w. Determine k(p).
-7
Let k(z) = 3*z**2 + 9*z + 12. Let n(r) = -r**2 - r - 1. Let u(s) = k(s) + 4*n(s). Calculate u(7).
-6
Let h(l) = 97*l - 1073. Let a be h(11). Let t(f) be the third derivative of f**5/60 + f**4/3 + 5*f**3/6 + 2*f**2. Determine t(a).
-7
Suppose -20 = -l + 4*t, 8*l - 3*l - 36 = 4*t. Let z(q) = 6*q - 4*q**2 + 40 - 37 + q**3 - 4*q. Calculate z(l).
11
Let b(c) = c**3 - 6*c**2 - 3. Let y(p) = 3*p**2 - 57*p + 57. Let m be y(18). Determine b(m).
-30
Let x(r) = -13*r**3 + 2*r**2 + 2*r + 5. Let b(p) = -2*p**3 + p**2. Let v(l) = -6*b(l) + x(l). What is v(-4)?
-3
Let i(q) = 869 - q**2 + 825 - 2506 + 869 + 4*q. Calculate i(-6).
-3
Let z(j) = j**3 + j**2 - j - 1. Suppose -16*d + 13*d = 6. Let n be d/13 - 44/(-286). Give z(n).
-1
Let w(a) = 2*a + 1 + 2*a**2 - 3*a**2 - 3*a. Let d(k) = 7*k**2 + 6*k - 6. Let i(p) = d(p) + 6*w(p). Suppose 8 = 2*y, -4*y + 27 = -2*z + 5. Determine i(z).
9
Let t(z) = -4*z**2 + 2*z - 2. Let r(s) = 7*s**2 - 3*s + 5. Let l(p) = -3*r(p) - 5*t(p). Let x be 3*1 - 1/((-3)/(-312)). Let j = x + 101. Give l(j).
-5
Suppose 0 = 7*m - 14*m + 70. Suppose 6*q + 4 = m*q. Let s(c) = -c**2 - 2*c + 1. Calculate s(q).
-2
Suppose 2*c - c - 2 = 0. Let a(p) = -44 - c*p + 0*p + 40. Give a(4).
-12
Let u(h) = h**2 - 2*h - 22. Suppose -5*d + 3*j + 27 = 0, 5*d - 4*j + 10 = 36. What is u(d)?
2
Let x(s) = -12 + 5 + 12 - s. Suppose 2*o = o. Determine x(o).
5
Let m(t) = -2*t + 7. Let b(a) = -6*a + 20. Let d(u) = 6*b(u) - 17*m(u). Suppose 548*j - 557*j = -18. Determine d(j).
-3
Let r be (1 - (-2)/(-8))*-4. Let i(o) = 3*o + 53*o**2 - 7*o**2 - 20*o**2 + 2 + 2 - 27*o**2. Calculate i(r).
-14
Suppose 2*a + 2*a + 2*p = -10, 0 = -5*a + 4*p + 20. Let t(g) = 6 - 3 + a*g + 2*g. Calculate t(-5).
-7
Let m = -2057 - -2065. Let c(f) = -f**3 + 10*f**2 - 18*f + 10. Determine c(m).
-6
Let h(i) = i**3 - 9*i**2 + 15. Let d = 40 - 31. Determine h(d).
15
Let i(o) be the second derivative of o**4/12 - 5*o**3/3 + 10*o**2 - 2*o + 76. Determine i(6).
-4
Suppose -42*q = -8*q + 34. Let r(v) = -3*v**3 - v**2 + 2*v + 2. Give r(q).
2
Let u(x) = x**2 + 6*x - 2. Suppose 2*l + l = -s - 4, s - l + 4 = 0. Give u(s).
-10
Suppose -36*w + 44*w = 0. Let r(n) = n**3 - n**2 + n - 11. What is r(w)?
-11
Let t(d) = d**2 + d + 1. Let i(b) = 6*b**2 + 10*b + 10. Let x(m) = i(m) - 4*t(m). Determine x(-4).
14
Suppose 22 + 60 = -82*u. Let n(g) = -2*g**3 + g + 1. Determine n(u).
2
Let q(f) = 8*f - 5. Let d = 26 + -31. Let h(z) = -39*z + 24. Let w(b) = d*h(b) - 24*q(b). What is w(-4)?
-12
Let a(c) = c**3 - c**2 - 2*c - 1. Suppose 0 = -q + 2*u + 6, -q + 3*u = q - 8. Let j(t) = -t**2 + 2. Let l be j(q). Let p be -7 + 9 + -1 + l. Determine a(p).
-1
Let u(n) = 2*n**2 + 3. Let d be u(-3). Let c = d - 30. Let x(w) = -15*w - 9. Let p(z) = 7*z + 4. Let h(b) = c*p(b) - 4*x(b). Calculate h(-1).
3
Let g(u) = -9*u - 13. Let w(k) = -7*k - 12. Let m(c) = -4*g(c) + 5*w(c). Let y(d) = -d**2 - 8*d - 5. Let z be y(-6). What is m(z)?
-1
Let k(c) = c**3 + 12*c**2 + c + 20. Let y be k(-12). Let g(s) be the first derivative of s**2/2 - 4*s - 12. Calculate g(y).
4
Let c(r) = -r + 9. Let y(d) = d**3 - d**2. Let o = -8 + 13. Suppose 2*s + 2 = n, -2*n + 1 + 3 = -o*s. Let b be y(n). Calculate c(b).
5
Let x(l) = -6*l**2 + 2*l - 12. Let k(v) = -7*v**2 + v - 14. Let i(m) = 5*k(m) - 6*x(m). Suppose 3*p + 6 = 4*p. What is i(p)?
-4
Let f(o) = -2*o + 7*o**2 - 4*o**2 - 8*o + 3*o**2 - 7*o**2 - 15. Determine f(-9).
-6
Let t(j) = -j**3 - 8*j**2 + 4*j - 6. Suppose -3*g = -b + 36 - 14, 4*g + 4*b + 56 = 0. Calculate t(g).
39
Let y(s) = -83 - 81 + 4*s + 167. Calculate y(4).
19
Let q(b) = b**3 + b - 4. Let s = 141 - 60. Let k = s + -78. Calculate q(k).
26
Let v be (-62)/(-3) - (-2)/6. Let o(u) = -22*u + 46*u - v*u. Let j = 6 + -4. Determine o(j).
6
Let a(x) = -19*x + 2. Let t(b) = 14*b + 381. Let d be t(-27). Give a(d).
-55
Let d(p) = p**3 - 7*p**2 - 8*p - 4. Let s be 42/6 - (-2 - -1). Give d(s).
-4
Let c = -3 - -2. Let z(k) be the first derivative of -k**5/20 + k**4/24 + k**3/6 + 6*k**2 + 13. Let i(l) be the second derivative of z(l). Calculate i(c).
-3
Let o(z) = 2*z - 11. Let n = -24 - -29. Give o(n).
-1
Let d(a) = -3*a + 33. Let y(i) = i**3 + 37*i**2 + 39*i + 117. Let f be y(-36). Give d(f).
6
Let u(h) = h**2 + 4. Let s = 0 + 2. Let g(f) = f**2 - f + 5. Suppose -5*p - 8 = -p - 4*k, -p - 8 = 5*k. Let l(c) = p*u(c) + s*g(c). Calculate l(-2).
-2
Let n(r) = -6*r**3 + 7*r**2 + 8*r - 5. Let w(b) = -6*b**3 + 8*b**2 + 9*b - 6. Let a = -18 - -24. Let h(q) = a*w(q) - 7*n(q). What is h(-1)?
-6
Suppose 5*v = 3*v + 8. Let n(a) = 7*a**2 + 12*a - 8. Let j = -9 - -13. Let p(u) = 3*u**2 + 6*u - 4. Let s(k) = j*n(k) - 9*p(k). Give s(v).
-4
Suppose 13*l - 28 = 17*l. Let o(v) = -2*v - 3 + 0 + 2 - 4. Calculate o(l).
9
Let t be (-24)/16*(-4)/(-3). Let l(r) = -3*r - 3. Let h(p) = p + 1. Let z(c) = 5*h(c) + 2*l(c). What is z(t)?
1
Let h(t) = -4*t - 4. Let g = 53 - -17. Let k = -72 + g. What is h(k)?
4
Let p(l) = l**3 + 5*l**2 - 7*l - 9. Let f = 52 - 47. Suppose -2*d = -f*t - 3 + 10, d + t + 7 = 0. Give p(d).
-3
Suppose -8*a + 156 = 108. Let c(k) = -5 + 5 + 4*k**2 + 7 + 2*k - 5*k**2. Give c(a).
-17
Let s(k) be the second derivative of -k**4/12 - k**3/2 + 3*k**2 + 27*k. Let m = -15 + 10. Determine s(m).
-4
Let g(x) be the third derivative of -x**4/12 + 5*x**3/6 + 7*x**2. Let a be g(2). Let c(k) = 2*k**2 + k - 1. Calculate c(a).
2
Let x(p) = -p**3 + 22*p**2 - 23*p + 12. Let b be x(21). Let t = 26 + b. Let m(i) be the first derivative of -2*i**3/3 - 3*i**2 - i - 1. Determine m(t).
-